 6.
5
What is the remainder when 2302720 is divided by 1526?
1512
Calculate the remainder when 1047008 is divided by 254.
20
What is the remainder when 7411629 is divided by 44?
5
What is the remainder when 3236708 is divided by 39?
20
Calculate the remainder when 97724148 is divided by 112.
4
Calculate the remainder when 3661686 is divided by 175.
161
Calculate the remainder when 111474 is divided by 333.
252
What is the remainder when 235246 is divided by 4609?
187
What is the remainder when 194757951 is divided by 4423?
4415
What is the remainder when 10528688 is divided by 235?
218
What is the remainder when 25089 is divided by 160?
129
What is the remainder when 63605603 is divided by 1489?
1479
What is the remainder when 2466973 is divided by 8?
5
Calculate the remainder when 906840 is divided by 121.
66
What is the remainder when 8513534 is divided by 315315?
29
What is the remainder when 4408594 is divided by 3290?
3284
What is the remainder when 5440923 is divided by 10?
3
Calculate the remainder when 273203015 is divided by 4947.
4940
Calculate the remainder when 919734 is divided by 270.
114
What is the remainder when 32404399 is divided by 13457?
13400
What is the remainder when 30082606 is divided by 2053?
2050
Calculate the remainder when 1190010 is divided by 178.
80
Calculate the remainder when 578678 is divided by 5063.
1496
Calculate the remainder when 6986828 is divided by 1786.
1782
What is the remainder when 177790260 is divided by 1506697?
14
Calculate the remainder when 42393 is divided by 42387.
6
Calculate the remainder when 550290 is divided by 957.
15
Calculate the remainder when 36690 is divided by 3809.
2409
Calculate the remainder when 664142 is divided by 145.
42
What is the remainder when 5007638 is divided by 1001527?
3
Calculate the remainder when 5255018 is divided by 50.
18
Calculate the remainder when 2370981 is divided by 2370974.
7
What is the remainder when 23497 is divided by 317?
39
What is the remainder when 122718 is divided by 4964?
3582
What is the remainder when 1234815 is divided by 581?
190
What is the remainder when 2932347 is divided by 1466157?
33
Calculate the remainder when 61723 is divided by 10249.
229
What is the remainder when 1011714 is divided by 7904?
2
Calculate the remainder when 44826 is divided by 377.
340
Calculate the remainder when 243889109 is divided by 94.
93
What is the remainder when 3992515 is divided by 1463?
1451
Calculate the remainder when 213339 is divided by 371.
14
Calculate the remainder when 2544393 is divided by 200.
193
Calculate the remainder when 784852 is divided by 20651.
114
What is the remainder when 455150 is divided by 7459?
151
Calculate the remainder when 1135460 is divided by 1577.
20
What is the remainder when 1189618 is divided by 150?
118
Calculate the remainder when 1445288 is divided by 149.
137
Calculate the remainder when 21013 is divided by 1245.
1093
Calculate the remainder when 6054537 is divided by 10210.
7
Calculate the remainder when 2421253 is divided by 2421019.
234
Calculate the remainder when 32560477 is divided by 14.
5
What is the remainder when 739812 is divided by 1516?
4
What is the remainder when 24082454 is divided by 2778?
2750
What is the remainder when 42221914 is divided by 104?
98
What is the remainder when 46835 is divided by 2660?
1615
Calculate the remainder when 43446 is divided by 690.
666
What is the remainder when 32943389 is divided by 288977?
11
Calculate the remainder when 959260 is divided by 1892.
16
What is the remainder when 174217 is divided by 13846?
8065
Calculate the remainder when 8089620 is divided by 373.
369
What is the remainder when 660411 is divided by 94?
61
Calculate the remainder when 48543 is divided by 864.
159
Calculate the remainder when 1322618 is divided by 115.
3
What is the remainder when 481365 is divided by 2494?
23
Calculate the remainder when 453498 is divided by 2008.
1698
Calculate the remainder when 930983 is divided by 102.
29
What is the remainder when 41036482 is divided by 4559602?
64
What is the remainder when 36616372 is divided by 74?
62
What is the remainder when 6286 is divided by 2056?
118
What is the remainder when 2227027 is divided by 992?
979
What is the remainder when 1280553 is divided by 212?
73
Calculate the remainder when 63195 is divided by 3453.
1041
What is the remainder when 947969 is divided by 4605?
3944
What is the remainder when 415164 is divided by 3351?
2991
Calculate the remainder when 75351302 is divided by 12679.
5
Calculate the remainder when 763021 is divided by 3406.
77
Calculate the remainder when 44781765 is divided by 36.
33
Calculate the remainder when 541111 is divided by 8727.
37
Calculate the remainder when 107015 is divided by 53112.
791
What is the remainder when 20804783 is divided by 3020?
3
What is the remainder when 3050910 is divided by 1356?
1266
What is the remainder when 72758 is divided by 318?
254
Calculate the remainder when 8151935 is divided by 568.
567
What is the remainder when 3094738 is divided by 110?
108
What is the remainder when 9158065 is divided by 393?
379
Calculate the remainder when 221627 is divided by 3349.
593
Calculate the remainder when 62894448 is divided by 15723610.
8
Calculate the remainder when 42739 is divided by 2361.
241
What is the remainder when 2794248 is divided by 55?
28
What is the remainder when 1392369 is divided by 62?
35
Calculate the remainder when 104458 is divided by 34025.
2383
Calculate the remainder when 56988192 is divided by 182.
170
Calculate the remainder when 186199 is divided by 38.
37
What is the remainder when 27502 is divided by 1736?
1462
What is the remainder when 153787 is divided by 1146?
223
Calculate the remainder when 55487 is divided by 5036.
91
Calculate the remainder when 13501091 is divided by 829.
826
Calculate the remainder when 49552196 is divided by 12.
8
What is the remainder when 820726 is divided by 475?
401
What is the remainder when 2096195 is divided by 1826?
1773
Calculate the remainder when 969205 is divided by 1449.
1273
What is the remainder when 46805248 is divided by 46805236?
12
Calculate the remainder when 45947594 is divided by 17.
11
What is the remainder when 226729883 is divided by 266?
261
What is the remainder when 163597605 is divided by 386?
383
What is the remainder when 19695 is divided by 3144?
831
Calculate the remainder when 3716114 is divided by 339.
335
Calculate the remainder when 7076 is divided by 1240.
876
Calculate the remainder when 557140 is divided by 185696.
52
Calculate the remainder when 397798 is divided by 30596.
50
Calculate the remainder when 831 is divided by 369.
93
Calculate the remainder when 8724 is divided by 8500.
224
What is the remainder when 189652 is divided by 18905?
602
What is the remainder when 9989086 is divided by 9989072?
14
What is the remainder when 358033 is divided by 108?
13
What is the remainder when 36483766 is divided by 8389?
5
What is the remainder when 5419813 is divided by 1766?
1725
Calculate the remainder when 53485 is divided by 13197.
697
Calculate the remainder when 34064 is divided by 3957.
2408
Calculate the remainder when 1571714 is divided by 34926.
44
What is the remainder when 3062855 is divided by 8751?
5
What is the remainder when 42669 is divided by 846?
369
Calculate the remainder when 596643 is divided by 1481.
1281
What is the remainder when 9562074 is divided by 1912411?
19
Calculate the remainder when 563763 is divided by 11017.
1896
Calculate the remainder when 16144202 is divided by 12544.
74
What is the remainder when 643242 is divided by 301?
5
What is the remainder when 27310759 is divided by 365?
364
What is the remainder when 1562355 is divided by 6009?
15
What is the remainder when 9074 is divided by 1888?
1522
What is the remainder when 2042780 is divided by 347?
338
What is the remainder when 7741 is divided by 404?
65
What is the remainder when 2454466 is divided by 276?
274
Calculate the remainder when 18983758 is divided by 351551.
4
What is the remainder when 29871900 is divided by 933?
39
What is the remainder when 824163 is divided by 14459?
0
Calculate the remainder when 1273510 is divided by 192.
166
Calculate the remainder when 7785925 is divi